883 (base 9) in base 8?
-546626
What is 45515a (base 12) in base 10?
1107862
Convert -1b6a9 (base 12) to base 3.
-2001212210
Convert 344331344 (base 6) to base 3.
102222202211001
What is -113220131322 (base 4) in base 16?
-5e877a
Convert 7119d9 (base 14) to base 16.
3a1a8b
1013134 (base 7) to base 6
2332521
135122 (base 6) to base 14
493c
-21054411 (base 8) to base 12
-16001a1
Convert -8671447 (base 9) to base 4.
-101233330231
-121181 (base 11) to base 4
-232312002
Convert -62360301 (base 7) to base 3.
-100212022000210
What is 400473 (base 8) in base 4?
200010323
-937b8 (base 16) to base 10
-604088
Convert -7a8699 (base 11) to base 10.
-1285249
-13053 (base 9) to base 13
-4008
21a754 (base 13) to base 12
323855
-10101110000010010000110 (base 2) to base 3
-101201201202110
Convert 330021123 (base 4) to base 2.
111100001001011011
What is 413330 (base 7) in base 2?
10001010010101010
Convert -22250302 (base 6) to base 9.
-1238332
Convert -10020230043 (base 5) to base 7.
-150255335
152363 (base 13) to base 3
222101001012
-27133 (base 12) to base 9
-81653
Convert 102220121011101 (base 3) to base 16.
6096a9
What is 3031215 (base 6) in base 3?
21022202002
-256741 (base 9) to base 5
-14442011
Convert 52140 (base 13) to base 12.
71390
-430422022 (base 5) to base 9
-3360056
1020211102202020 (base 3) to base 16
1125708
What is 2b0d6 (base 14) in base 10?
107204
-1341145 (base 7) to base 6
-3452311
1565b9 (base 15) to base 12
41a4a9
What is -37d6b (base 16) in base 15?
-47b7a
Convert -273c51 (base 13) to base 7.
-11041113
111201021112 (base 3) to base 15
54ea8
Convert -136474 (base 8) to base 16.
-bd3c
Convert 1256 (base 9) to base 6.
4210
What is -627357 (base 8) in base 16?
-32eef
What is 2258660 (base 9) in base 12?
4aa139
-201112222121 (base 3) to base 9
-645877
Convert 1110111110011110 (base 2) to base 4.
32332132
Convert -e976c (base 16) to base 8.
-3513554
Convert -3b3c64 (base 15) to base 16.
-2b74af
Convert 4413020 (base 5) to base 11.
52120
What is -419bd (base 14) in base 9?
-261172
10111011000100000 (base 2) to base 15
1d5a1
1030112122 (base 5) to base 12
898301
-1031321100 (base 4) to base 6
-10501040
2527575 (base 8) to base 12
299311
-1521252300 (base 6) to base 10
-19104876
Convert -1000000110011111001111 (base 2) to base 5.
-1020424402
Convert -404de (base 16) to base 5.
-31412030
Convert -211003242 (base 5) to base 9.
-1573788
What is 29aa225 (base 11) in base 7?
61540033
3311743 (base 8) to base 6
31023323
What is 51143 (base 6) in base 9?
10240
Convert -21200021201 (base 3) to base 14.
-3d0d9
210120211102111 (base 3) to base 15
1019104
Convert -1256541 (base 7) to base 15.
-34100
Convert -adc51 (base 14) to base 16.
-6716f
Convert -10110010010011000 (base 2) to base 14.
-253a8
1361a (base 13) to base 15
aac9
-1515112 (base 7) to base 4
-302100202
What is a7942e (base 16) in base 2?
101001111001010000101110
-3655753 (base 9) to base 12
-7b9156
Convert 101011110001111010 (base 2) to base 12.
87936
-111100000000001110111000 (base 2) to base 10
-15729592
7356c1 (base 16) to base 4
130311123001
3060070 (base 8) to base 16
c6038
Convert -1265326 (base 7) to base 13.
-5b357
Convert -140702 (base 11) to base 10.
-220464
Convert 2424433240 (base 5) to base 2.
10101110000001010110000
515267 (base 8) to base 14
462b5
Convert 14543353 (base 6) to base 10.
511413
What is -10101110110010110 (base 2) in base 15?
-1b7b4
What is -1010000011111100010 (base 2) in base 10?
-329698
b77c7 (base 13) to base 14
88836
Convert -55421264 (base 7) to base 5.
-2210402402
What is -15405 (base 6) in base 9?
-3415
What is -30233131 (base 4) in base 11?
-36235
Convert -377941 (base 12) to base 3.
-1200222112211
Convert -298a2d (base 14) to base 15.
-1d83b5
What is 1822823 (base 10) in base 9?
3377388
What is 3543 (base 14) in base 2?
10010000110111
What is -331234112 (base 5) in base 7?
-15105435
Convert 10110100011001001101001 (base 2) to base 6.
330410225
Convert -b3860 (base 16) to base 3.
-1101100200101
What is -110142 (base 8) in base 5?
-2140322
Convert cbd (base 14) to base 16.
9d7
Convert -83743 (base 10) to base 11.
-57a10
Convert -4325a2 (base 11) to base 5.
-134112011
Convert -30210110333 (base 4) to base 13.
-8b4732
Convert 2474313 (base 10) to base 5.
1113134223
-9b95e (base 15) to base 3
-221010211022
-4e3246 (base 15) to base 5
-1430210031
-36dc8 (base 14) to base 8
-406444
What is -35891d (base 16) in base 12?
-1212479
What is -30001021 (base 4) in base 11?
-33a90
Convert 369313 (base 16) to base 4.
31221030103
What is -1001001111111011 (base 2) in base 16?
-93fb
Convert 141555041 (base 6) to base 10.
2892481
Convert 8ca988 (base 13) to base 15.
45d9a4
-2011121110 (base 3) to base 14
-117dc
What is 321223211 (base 4) in base 6?
5021445
24001012 (base 5) to base 12
a6802
Convert -160132 (base 9) to base 12.
-49025
Convert -150230404 (base 6) to base 11.
-1827268
Convert -14081886 (base 9) to base 8.
-32436764
Convert 26510151 (base 7) to base 10.
2439501
What is 394988 (base 10) in base 11?
24a840
What is 975b3 (base 13) in base 12?
11228b
Convert -110001001111110110 (base 2) to base 16.
-313f6
-122555332 (base 6) to base 9
-4425782
Convert -2032000032 (base 4) to base 3.
-1002112212110
-403421444 (base 5) to base 3
-10001110211222
-71a155 (base 14) to base 3
-21012122000000
Convert 3311321243 (base 5) to base 16.
6ce24f
Convert a38023 (base 11) to base 4.
12112201102
1020202311 (base 4) to base 15
5d096
Convert 1111010011101110010 (base 2) to base 13.
147420
Convert -11203042 (base 5) to base 6.
-2052445
What is -210102 (base 8) in base 15?
-159b8
What is 6360a (base 12) in base 11?
8a033
Convert 36431 (base 13) to base 3.
12001121012
What is -112120222 (base 4) in base 14?
-255b4
What is -131232001200 (base 4) in base 5?
-3443300223
What is -105a4 (base 15) in base 8?
-145300
123132433 (base 6) to base 15
3239cc
Convert -4022343 (base 5) to base 4.
-33221202
What is 43112752 (base 8) in base 12?
3103a0a
What is b99055 (base 12) in base 15?
3d0de8
Convert 22111000201012 (base 3) to base 12.
1614905
Convert -20223032202 (base 4) to base 5.
-1040233320
Convert 5536048 (base 11) to base 14.
140c661
499593 (base 12) to base 8
4444377
What is -cb03b (base 14) in base 3?
-220221211200
What is -8816 (base 15) in base 13?
-10170
Convert -1442404 (base 9) to base 13.
-21b212
Convert 2120051 (base 6) to base 10.
103711
-21a21a (base 11) to base 8
-1254154
What is 2011066 (base 7) in base 13?
844a8
Convert -15400532 (base 7) to base 4.
-11221021310
Convert 102432141 (base 6) to base 8.
6714035
Convert -3a6811 (base 12) to base 15.
-141094
What is -100100011101111001 (base 2) in base 4?
-210131321
613b8 (base 16) to base 15
7d00e
Convert 461743 (base 8) to base 15.
3162d
Convert 14081 (base 12) to base 16.
6c61
What is aadd (base 16) in base 4?
22223131
-3a4615 (base 13) to base 8
-5300435
77a7 (base 12) to base 15
3dc1
Convert 37260 (base 12) to base 14.
1d2d2
-32434230 (base 6) to base 3
-1211020022100
Convert 11110100110101011111 (base 2) to base 15.
14c217
-10650416 (base 7) to base 5
-214432344
Convert -2508884 (base 10) to base 9.
-4643478
What is 2232243 (base 5) in base 6?
503442
Convert -c88e09 (base 16) to base 7.
-216501264
Convert 21ac70 (base 16) to base 4.
20122301300
-123025 (base 7) to base 8
-54201
-10210222010 (base 3) to base 15
-17393
What is -34331201 (base 5) in base 8?
-1132115
-8a493 (base 11) to base 12
-639a8
-1021011120010 (base 3) to base 2
-10100100001100100010
Convert -b993a (base 14) to base 8.
-1555100
What is 278833 (base 14) in base 3?
2120111201022
195e5 (base 16) to base 7
611641
What is 10451330 (base 6) in base 2?
1001101100110100110
-120131033 (base 4) to base 8
-303517
What is 12112011212 (base 3) in base 8?
324320
Convert 2202121331 (base 4) to base 10.
665213
What is 4d478 (base 14) in base 10?
190226
Convert 83183 (base 12) to base 7.
1312314
What is 7299 (base 14) in base 15?
5caa
What is -200322221 (base 4) in base 2?
-100000111010101001
Convert -563c5c (base 13) to base 4.
-13301030233
23522580 (base 9) to base 5
10414024223
38217 (base 9) to base 6
314541
Convert -13412213 (base 5) to base 14.
-38641
What is 2321552 (base 7) in base 13?
a269b
Convert 7714737 (base 8) to base 11.
1194a84
-248414 (base 11) to base 12